 56 - 62. Let j(i) = -i + 5. Give j(d).
11
Let u(c) = -c**3 - 2*c**2 - c + 2. Let i be u(-2). Let k(a) = -4*a + 5*a + 1 + 0. Determine k(i).
5
Let r(x) = -7*x. Suppose -2*k - 11 = 3*v, k - 15 + 1 = 5*v. Calculate r(k).
7
Let h = 1 - 1. Suppose -p - o = 8, 4*p - 5*o - 13 + h = 0. Let z(d) be the second derivative of -d**3/3 + 2*d**2 + d. What is z(p)?
10
Let d(k) = 2*k**3 - 5*k**2 + 8 + 7*k - 3*k**2 - 5*k**2 + 5*k**3. Let f(y) = -10*y**3 + 19*y**2 - 10*y - 12. Let p(a) = -7*d(a) - 5*f(a). Calculate p(3).
-2
Let w(p) = -4*p**3 - 2*p - 16. Let l(k) = -k**3 - k - 5. Let t(f) = 7*l(f) - 2*w(f). Calculate t(-2).
-5
Suppose -2*h + 3 = -1. Let x(g) = g + 1 + h + 2. Give x(-5).
0
Suppose -3*s = 2*p + 19, p - 35 = 6*p + 5*s. Let j = p - 6. Let v = j - -4. Let d(a) = 2*a + 5. Give d(v).
-3
Let g(l) = 1. Let i(s) = -2*s - 5. Let p(a) = -6*g(a) - i(a). Let m be (-1)/3*(0 - 3). Let r(u) = -5*u**2 - u + 1. Let x be r(m). Determine p(x).
-11
Let o(a) be the third derivative of -a**8/6720 + a**6/240 - a**5/60 - a**4/12 + 2*a**2. Let n(h) be the second derivative of o(h). What is n(2)?
-4
Let o(u) = -u**2 + 1. Let t be (-32)/56 - 10/7. Let x(a) = a + 3. Let f be x(t). Give o(f).
0
Let h(z) = -3*z**2 - z + 2. Let i(w) = w**2 + 13*w + 14. Let b be i(-12). Give h(b).
-12
Suppose -13 - 23 = 4*w. Let c(j) = j**3 + 10*j**2 + 9*j - 2. What is c(w)?
-2
Let u(a) = -a**2 - 5*a - 4. Let l be u(-5). Let i(n) be the second derivative of 1/2*n**2 + 0 - n + 1/6*n**3. Determine i(l).
-3
Let c be (14 - -1)/((-1)/(-2)). Suppose 4*k - c = -6. Let q(m) = -m**3 + 7*m**2 - 6*m - 4. What is q(k)?
-4
Let d = 19 + -24. Let l(i) = -13*i + 4 - 6*i**2 - 2*i**3 + 7*i + i**3. Give l(d).
9
Let r(h) = -36*h + 24*h + 14*h - 4. Suppose -2*g + 4 = 2*k, 5*g = -0*k + 2*k - 4. Suppose q = 4*v + 8, 2*q + k*v - 3*v - 9 = 0. Determine r(q).
4
Let u(j) be the second derivative of j**5/20 + j**4/12 - j**3/2 - j**2/2 + j. Determine u(-2).
1
Let z(m) be the third derivative of m**4/24 + m**3/3 - 27*m**2. Give z(7).
9
Let w(b) = 7*b**2 + 23*b + 9. Let m(k) = -3*k**2 - 11*k - 4. Let u(v) = -9*m(v) - 4*w(v). Let l = -15 - -21. Calculate u(l).
6
Suppose 5*n + 15 = 2*u + 60, 4*u - 1 = -3*n. Let w(z) = -8*z - 1. Let x(h) = -9*h - 1. Let m(t) = n*w(t) - 6*x(t). Calculate m(-2).
3
Let l(p) = -p - 23 - 25 + 78 - 29. Calculate l(1).
0
Let b(f) = 1. Let a(x) = 7*x + 1. Let h(m) = a(m) + b(m). Let t be (-2)/(-6) - 767/(-39). Let y = t - 22. Calculate h(y).
-12
Let q(c) = 2 + 0 - 10*c - c + 6*c. Calculate q(2).
-8
Suppose 0 = 4*l - 16, 0*l = 2*m - 5*l + 36. Let w(i) = -i**2 - 7*i + 7. Calculate w(m).
-1
Suppose -2*s + 60 - 48 = 0. Let f(y) = 2*y - 2*y - y**3 + 7*y**2 + 3 - 4*y. Determine f(s).
15
Let w(k) be the third derivative of -k**6/120 - k**5/30 + k**4/24 - k**3/6 + 7*k**2 + 2. What is w(-2)?
-3
Let u(g) be the second derivative of -5*g**4/12 - 7*g**2/2 + g. Let y(b) = 4*b + 27 - 3*b - 28 - b**2. Let n(p) = -u(p) + 6*y(p). Calculate n(5).
6
Let l(k) = k + 7 - k**2 - 1 - 4*k**3 + 3*k**3 + 6. Suppose 0 = 4*s + s - 4*v + 8, 2*s + v - 2 = 0. What is l(s)?
12
Let s be (9/(-4) + 2)/((-6)/1). Let c(n) be the third derivative of s*n**4 + 0*n - 2*n**2 + 0 + 7/6*n**3. What is c(-5)?
2
Let p = 129 + -119. Let w(a) = a - 3. Calculate w(p).
7
Let c(d) be the first derivative of d**2 - 8*d + 1. Suppose -25 = -5*t + 5. Determine c(t).
4
Let v(x) = -x - 6. Suppose -2*g + s = -3*s, -s = 0. Let l be g + (0 + -3 - -3). What is v(l)?
-6
Let b be ((-3)/5)/(3*6/(-180)). Let q(z) = -z**3 + 5*z**2 + 9*z - 3. Give q(b).
15
Let w(f) be the second derivative of 0 + 3*f + 1/6*f**3 + 6*f**2. Calculate w(-6).
6
Let x(i) = 4*i**3 + 6*i**2 - i - 6. Suppose -8 = 2*u + 14. Let k(w) = 8*w**3 + 11*w**2 - 2*w - 11. Let d(t) = u*x(t) + 6*k(t). What is d(-1)?
-3
Let y(u) = -2*u - 1 + 3*u + 2*u. Calculate y(1).
2
Let h(g) = -3*g**3 + 2*g**3 - 3 - g**2 + 3 - g. Let u(a) = 4*a**2 - 7*a + 0*a - 2*a**3 + 2*a. Let r(f) = -h(f) + u(f). Calculate r(4).
0
Let h(g) = g**2 - 3 - 7*g**2 - g**2 + 5*g**2 - 3*g. Determine h(-2).
-5
Let x(v) = v + 3. Let m(f) = f**3 + 5*f**2 - 4*f + 8. Let d be m(-6). What is x(d)?
-1
Let u(b) be the third derivative of b**4/24 - b**3/3 + 21*b**2. Determine u(2).
0
Let q(b) = -b**2 + 8*b - 6. Suppose 2*g - 11 = 3. Determine q(g).
1
Let r = 30 - -6. Suppose 3*c - r = m, -c + 4*m - 1 = -2. Suppose -3*w - 5 = c. Let t(d) = -d**2 - 5*d + 8. Determine t(w).
2
Let c(f) be the second derivative of f**3/3 - 5*f**2/2 - 9*f. What is c(5)?
5
Let w(o) = 8*o**3 + o**2 + o. Let a be 2/4*8/(-4). Let n = -10 + 13. Let j be a*(-3)/(-9)*n. Calculate w(j).
-8
Suppose -31*l = -34*l + 9. Let m(k) be the second derivative of -1/3*k**l + 0 - 1/2*k**2 - 2*k. Determine m(-1).
1
Let g(i) be the second derivative of i**5/20 - i**4/2 - i**3/6 + 4*i**2 + 2*i. Suppose s = -4*o + 9 + 3, 5*s = -2*o + 6. Let q = s + 6. Calculate g(q).
2
Let c(g) = -g + g - 4*g - 2 + g**2. Let y be c(5). Let t(r) = -2*r**3 + 0 + r**3 + 3*r**2 + 3*r - 2. Determine t(y).
7
Let v(y) = -y**2. Let d(i) = -2*i - 3. Let l be d(-8). Let t = l + -12. Calculate v(t).
-1
Let m = 10 + -10. Let d(s) = s + 3. Let k be d(m). Let n = k - 5. Let z(a) = -5*a - 3. Determine z(n).
7
Let j(r) be the third derivative of 7*r**5/60 + r**4/24 + 12*r**2. Determine j(-2).
26
Let u(p) = -p**3 - 6*p**2 - 5*p - 6. Let x be u(-5). Let a = x + 6. Suppose a = 3*m + m + 4. Let o(i) = -8*i**2. Calculate o(m).
-8
Suppose 0 = -4*h + 12, -4*d + 21 = -2*d + 5*h. Suppose 2*g + 0*g + 8 = -i, 0 = i + g + d. Let w be 4/10*20/i. Let p(s) = -s**2 + 2*s + 4. Give p(w).
-4
Let t(a) = 12*a - 1. Let h(p) = p**2. Let f(r) = -6*r**2 - 5*r - 5. Let w(z) = -f(z) - 5*h(z). Let k = 2 - 6. Let i be w(k). What is t(i)?
11
Let i(u) = -6 - u**3 + 2 - 140*u**2 + 0 - 5*u + 134*u**2. Calculate i(-4).
-16
Let j be (-3)/(-2)*40/(-12). Let d(n) = -n**2 - 5*n. Determine d(j).
0
Let r(b) be the third derivative of 5*b**4/12 - b**3/6 + 25*b**2. Calculate r(3).
29
Let v(n) = -n**2 - 6*n + 4. Let f = -91 - -85. What is v(f)?
4
Let p be -3*2*(-6)/9. Suppose p*c = 158 - 2. Let n be 3*(3 + c/(-9)). Let j(r) = r**3 + 5*r**2 + 4*r - 3. Calculate j(n).
-3
Let r(u) = 6*u**3 + u + 1. Let v(g) = -g**2 - 1. Let o(m) = -7*m**2 + 4*m - 10. Let q(k) = o(k) - 6*v(k). Let j be q(3). Give r(j).
-6
Let k(b) = -4*b + 1. Suppose -14*s = -12*s - 2. Determine k(s).
-3
Let h(i) be the first derivative of -7*i**2/2 + 2*i - 14. Determine h(-2).
16
Let n(g) = -g + 2. Let w(k) = 3*k - 5. Let i(z) = -7*n(z) - 3*w(z). Give i(1).
-1
Let o(d) = d - 6. Suppose 3*r = 6*r - 6. Suppose -3*g + r*g = 0. Calculate o(g).
-6
Let q(s) be the first derivative of s**7/840 + s**6/180 - s**5/60 + s**4/12 + 4*s**3/3 - 5. Let w(f) be the third derivative of q(f). Determine w(-3).
-1
Suppose 2*x = -x + 9. Suppose -4*p = 3*u, -7*u - 4*p = -x*u - 4. Let j(g) be the second derivative of -g**4/12 + 2*g**3/3 + 3*g**2/2 + 7*g. What is j(u)?
3
Let p(j) = -3*j**2 + j**2 - 7*j + 1 + 9*j. Give p(2).
-3
Suppose 2*b - 3 = -b. Let d(x) be the third derivative of -x**6/10 + x**5/60 - x**3/6 + 2*x**2. What is d(b)?
-12
Let x be 66/7 - 6/14. Suppose 2*u - x = -s + 7, 15 = 3*u. Let b(g) = g**3 - 7*g**2 + 7*g - 3. What is b(s)?
3
Let j(c) = -c**2 - 7*c - 3. Let l(y) = y - 8. Let s be l(3). Give j(s).
7
Let y(f) = -56*f - 58*f + 112*f. Give y(8).
-16
Let j(g) be the first derivative of 2 - 1/2*g**2 - g. Suppose 2*f = 2 - 4. Calculate j(f).
0
Let l = 7 + -5. Let v(c) = 3*c - 3*c - 1 - c**l. Let o be 1*((-3)/(-1) + 0) - 6. Determine v(o).
-10
Let i(f) = 8*f + 11. Let c(d) = -7. Let l(b) = b - 8. Let q(g) = 4*c(g) - 3*l(g). Let x(j) = 4*i(j) + 11*q(j). Calculate x(6).
-6
Let s(i) = i**2 + 9*i + 8. Let k = 23 + -29. Give s(k).
-10
Suppose -25 = -5*d, 0 = 5*i + 5*d - 4 - 31. Let h(c) = 5 + 0*c**2 + 0*c**i + c**2 + 2*c - 4. Determine h(-3).
4
Suppose 36 = -2*y - 2*y. Let m be (-18)/8*24/y. Let f(s) = -s + 7. Determine f(m).
1
Let c be (-2 + (-35)/(-10))/(6/20). Let l(r) = -2*r + 12. Give l(c).
2
Let d(b) = -4*b**3 - 2*b**2 - b + 4. Let p(v) = -v**2 + 1. Let j(y) = -d(y) + 3*p(y). What is j(1)?
3
Suppose s = 128 - 126. Let a(m) be the third derivative of -1/8*m**4 - 1/60*m**5 + 1/2*m**3 + 0*m + 0 - m**s. Determine a(-4).
-1
Let a(l) = 4*l - 3. Let c be (0 + 1)/((-4)/(-8)). Suppose -5*q + n = -20, -4*n + n + 5 = -c*q. 